 z(-192).
-1
Let k(w) = w**3 - 61*w**2 + 126*w - 7. Calculate k(2).
9
Let f(v) = 1607*v + 1830. Calculate f(-1).
223
Let i(o) = 2971*o + 14834. What is i(-5)?
-21
Let y(j) = -14*j**2 - 327*j + 9. What is y(-23)?
124
Let k(f) = -f**3 + 8*f**2 + 9*f - 10. Determine k(9).
-10
Let c(b) = -12*b + 161. Determine c(12).
17
Let b(a) = a**2 + 22*a + 32. Give b(-12).
-88
Let t(s) = -s**3 + 29*s**2 - 179*s - 30. Calculate t(10).
80
Let k(u) = -5*u**2 + 8*u - 38. Determine k(8).
-294
Let v(a) = 2*a**2 + 8*a - 270. Determine v(-13).
-36
Let y(x) = 29*x + 369. Determine y(-16).
-95
Let x(q) = q**2 - 6*q + 21. Determine x(10).
61
Let p(i) = 162*i + 8590. What is p(-53)?
4
Let d(u) = u**3 - 13*u**2 - 7*u + 18. Determine d(14).
116
Let g(a) = -396*a - 2030. What is g(-5)?
-50
Let r(j) = 311*j + 3091. Give r(-10).
-19
Let u(z) = z**3 + 124*z**2 + 613*z + 2151. Give u(-119).
9
Let w(c) = 19*c + 8. Give w(2).
46
Let s(v) = -v**2 + 344*v - 5567. What is s(17)?
-8
Let h(w) = 8*w**3 - 20*w**2 + 30*w + 4. Calculate h(5).
654
Let l(i) = -179*i**3 + 19*i**2 + 18*i. Determine l(-1).
180
Let i(c) = -348*c**3 + 8*c**2 - 10*c + 4. What is i(1)?
-346
Let y(s) = -719*s - 23721. Calculate y(-33).
6
Let c(h) = -h**2 - 215*h + 1862. Give c(8).
78
Let x(m) = -6*m**3 + m**2 - 4*m + 3. Give x(1).
-6
Let l(n) = 227*n - 2. What is l(-1)?
-229
Let n(q) = -11*q**2 + 93*q + 669. Give n(-9).
-1059
Let n(d) = -12*d**2 + 962*d + 33. What is n(80)?
193
Let d(g) = g**2 + 296*g + 21240. What is d(-174)?
12
Let b(v) = v**3 + 6*v**2 - 66*v - 376. Give b(-8).
24
Let f(n) = -4*n**2 - 38*n - 163. Give f(-11).
-229
Let u(y) = -3*y**3 + 9*y**2 - 2*y. Calculate u(3).
-6
Let d(z) = 31*z + 193. Give d(-6).
7
Let a(y) = 5*y**2 - 143*y + 17. Determine a(28).
-67
Let v(i) = -24*i - 1445. Determine v(-61).
19
Let s(p) = p**3 - 9*p**2 - 44*p + 398. Calculate s(7).
-8
Let l(h) = -2*h**2 + 58*h - 390. Give l(18).
6
Let i(k) = -k**2 + 5*k + 131. Calculate i(-15).
-169
Let q(u) = -u**2 - 36*u - 62. Calculate q(-34).
6
Let i(v) = 46*v + 179. What is i(-4)?
-5
Let i(h) = -h**3 + h**2 + 3*h + 1. Determine i(-1).
0
Let l(z) = -123*z - 754. Give l(-2).
-508
Let l(c) = -c**3 - 450*c**2 + 4130*c + 5. Give l(9).
-4
Let f(h) = -h**3 + 10*h**2 - 24*h + 5. Determine f(7).
-16
Let t(q) = -69*q**2 + 1339*q - 530. Calculate t(19).
2
Let y(g) = 1053*g + 9403. What is y(-9)?
-74
Let u(y) = -y**3 + 4*y**2 + 2*y - 25. Determine u(-6).
323
Let c(h) = 14*h**2 + 80*h - 294. What is c(4)?
250
Let f(u) = -427*u - 1286. Determine f(-3).
-5
Let c(u) = -62*u - 9. Determine c(2).
-133
Let m(g) = 44*g + 723. Calculate m(-15).
63
Let b(s) = -10*s**2 - 16*s - 134. Calculate b(-6).
-398
Let o(q) = q**3 - 15*q**2 + 76*q - 145. Calculate o(4).
-17
Let n(d) = -34*d - 1491. Calculate n(-44).
5
Let w(h) = 72*h - 432. Give w(6).
0
Let c(k) = k**3 - k**2 + 194*k + 1094. Calculate c(-5).
-26
Let n(o) = o**2 + 9*o + 166. Determine n(13).
452
Let x(v) = -v**2 - 55*v - 295. Calculate x(-45).
155
Let m(o) = 4*o**3 + 21*o**2 + 114*o + 537. Determine m(-5).
-8
Let q(t) = -21*t**3 + 3*t**2 + 13*t + 10. Calculate q(-1).
21
Let b(j) = j**3 + 17*j**2 - 55*j + 62. Give b(-20).
-38
Let m(t) = t**3 + 102*t**2 - 7*t - 730. Determine m(-102).
-16
Let a(q) = 6*q**3 + 5*q**2 + 73*q + 74. Calculate a(-1).
0
Let u(a) = a**2 - 27*a - 14. Determine u(22).
-124
Let j(o) = -o**3 - 76*o**2 + 153*o - 175. Determine j(-78).
59
Let o(u) = 10*u**2 - 53*u - 117. What is o(7)?
2
Let v(a) = 509*a - 16796. Give v(33).
1
Let g(m) = -53*m - 658. Calculate g(-12).
-22
Let t(q) = 707*q - 15570. Give t(22).
-16
Let m(s) = -130*s - 1021. Calculate m(-8).
19
Let v(d) = -22*d + 52. What is v(3)?
-14
Let p(y) = -8*y**2 + 408*y + 8. Give p(51).
8
Let f(k) = 158*k - 37299. What is f(236)?
-11
Let j(k) = -k**3 - 17*k**2 + 2*k - 63. Calculate j(-17).
-97
Let i(a) = -3*a**3 - 513*a**2 - 1511*a + 183. Give i(-168).
15
Let m(c) = c - 94. Determine m(40).
-54
Let l(z) = z**2 + 152*z + 5024. Determine l(-103).
-23
Let f(l) = 974*l - 73. What is f(1)?
901
Let g(b) = 18*b + 336. What is g(-44)?
-456
Let f(g) = -30*g + 127. What is f(5)?
-23
Let i(y) = 7*y**2 + 19*y + 7. What is i(-3)?
13
Let v(s) = -s**2 - 159*s + 831. Give v(5).
11
Let j(y) = -y**3 - 60*y**2 - 324*y + 8. What is j(-54)?
8
Let n(i) = -91*i + 373. Calculate n(2).
191
Let x(p) = -2*p**3 + 4*p**2 + 2*p - 3. Calculate x(-2).
25
Let x(d) = 123*d + 76. Calculate x(-1).
-47
Let x(n) = n**3 + 7*n**2 - 29*n - 160. Calculate x(-8).
8
Let a(d) = 2*d**3 - 2*d**2 - 10*d + 42. Determine a(-3).
0
Let h(d) = 150*d**3 - 37*d**2 - 36*d + 1. What is h(-1)?
-150
Let d(h) = -h**3 - 3*h**2 + 26*h - 43. What is d(0)?
-43
Let n(k) = 39*k. Give n(2).
78
Let q(r) = r**3 + 16*r**2 - 102*r + 71. Calculate q(-21).
8
Let l(u) = 206*u + 5772. Calculate l(-28).
4
Let a(v) = -2*v**2 - 75*v - 708. Give a(-19).
-5
Let p(w) = -w**3 - 47*w**2 - 546*w - 21. What is p(-26)?
-21
Let j(o) = -28*o**3 - 172*o**2 - 25*o - 5. Determine j(-6).
1
Let p(h) = -4*h**3 - 32*h**2 - 6*h - 11. Calculate p(-8).
37
Let a(x) = -29*x**2 + 48*x + 12. Give a(2).
-8
Let g(j) = -33*j + 1461. What is g(46)?
-57
Let n(k) = -3*k**2 - 36*k + 82. Determine n(-12).
82
Let p(d) = -d**2 + 93*d + 482. What is p(-5)?
-8
Let a(w) = w**3 - 22*w**2 - 203*w - 8. Determine a(29).
-8
Let t(w) = -w**3 - 4*w**2 - 9*w - 8. Give t(-4).
28
Let s(b) = -1794*b + 52025. Calculate s(29).
-1
Let z(t) = 2*t**3 - 18*t**2 + 31*t - 285. What is z(9)?
-6
Let f(r) = -34*r + 79. Determine f(5).
-91
Let k(w) = -6*w**3 - 767*w**2 + 126*w - 278. Calculate k(-128).
-22
Let x(w) = -w**2 + 49*w + 3425. Calculate x(88).
-7
Let l(j) = j**2 + 504*j + 23095. What is l(-51)?
-8
Let m(n) = -11*n**3 + 176*n**2 + 5. Determine m(16).
5
Let w(v) = -2*v**2 + 118*v - 137. Calculate w(57).
91
Let l(f) = -4*f**2 + 37*f + 3. What is l(-11)?
-888
Let s(x) = -1352*x - 18934. What is s(-14)?
-6
Let n(w) = 2*w**2 + 21*w + 15. Determine n(-19).
338
Let j(q) = 3*q + 130. Give j(-40).
10
Let t(q) = -3*q**2 - 128*q - 552. Determine t(-38).
-20
Let x(n) = -n**3 - 10*n**2 + 10*n - 155. Calculate x(-12).
13
Let a(w) = 23*w**2 - 416*w + 38. Give a(18).
2
Let t(w) = -11*w - 111. Give t(-2).
-89
Let t(f) = -f**3 - 56*f**2 + 3439*f - 197. Calculate t(-93).
-11
Let n(w) = 9*w**3 - 81*w**2 + 12*w - 3. Calculate n(9).
105
Let m(g) = 2*g**2 - 3*g - 14. What is m(-2)?
0
Let o(f) = 349*f - 2461. Calculate o(7).
-18
Let g(m) = 23834*m - 23827. Give g(1).
7
Let o(y) = 10*y + 612. What is o(-59)?
22
Let r(b) = -37*b**2 + 265*b - 49. Give r(7).
-7
Let u(d) = -d**3 - 10*d**2 + 73*d - 43. Calculate u(-15).
-13
Let d(r) = 49*r - 145. Give d(3).
2
Let k(f) = f**3 - 65*f + 245. Calculate k(4).
49
Let v(g) = -2*g**2 + 505*g - 19180. Give v(206).
-22
Let w(q) = q**3 + 14*q**2 + 39*q + 5. Give w(-3).
-13
Let x(m) = 3*m**2 - 132*m + 430. Give x(41).
61
Let y(v) = 20*v**2 + 69*v + 17. Determine y(-3).
-10
Let r(z) = -2*z**3 - 4*z**2 - 14*z - 11. Give r(-4).
109
Let h(u) = -u**2 + 20191*u + 181793. Give h(-9).
-7
Let f(h) = 4*h**2 + 83*h + 148. What is f(-17)?
-107
Let h(z) = z**3 - 37*z**2 - 12*z - 127. Give h(37).
-571
Let a(g) = 240*g - 5499. Determine a(23).
21
Let s(j) = -j**3 + 126*j**2 + 15*j - 1863. What is s(126)?
27
Let p(k) = -763*k + 4386. Calculate p(6).
-192
Let c(z) = -z**3 + 21*z**2 - 40*z + 39. Calculate c(19).
1
Let f(u) = 7*u**2 - 473*u - 5106. Calculate f(77).
-24
Let r(p) = -80*p + 869. Give r(11).
-11
Let s(o) = 6*o - 389. Determine s(40).
-149
Let w(s) = -50*s - 281. Determine w(-5).
-31
Let z(h) = -34*h**2 + 55*h - 248. What is z(5)?
-823
Let p(b) = 4*b**2 - 15*b - 424. What is p(17)?
477
Let s(v) = 2*v**3 + 72*v**2 + 69*v - 51. Determine s(-35).
-16
Let x(a) = 6*a**3 + 53*a**2 - 4*a + 50. Determine x(-9).
5
Let w(x) = -x**2 + 162*x - 6459. Give w(70).
-19
Let z(m) = -886*m - 7097. Give z(-8).
-9
Let l(d) = -d**3 - 3*d**2 + 63*d + 266. Give l(-6).
-4
Let q(j) = -j**3 - 8*j**2 + 20*j + 1. Give q(-6).
-191
Let o(w) = 2*w**3 + 13*w**2 - w + 28. Calculate o(-7).
-14
Let g(r) = 29*r**3 + 117*r**2 + 4*r + 9. Calculate g(-4).
9
Let d(o) = o**2 + 44*o + 154. What is d(-14)?
-266
Let h(w) = 2*w**3 + 13*w**2 - 15*w - 133. Calculate h(-6).
-7
Let a(b) = -1858*b - 195074. What is a(-105)?
16
Let h(k) = 108*k + 1617. Calculate h(-15).
-3
Let m(q) = -q**3 - 8*q**2 + 